{"id":25,"date":"2017-06-19T07:08:22","date_gmt":"2017-06-19T07:08:22","guid":{"rendered":"https:\/\/websitedemos.net\/astra-lite-demo-1\/?page_id=25"},"modified":"2024-12-30T14:58:49","modified_gmt":"2024-12-30T14:58:49","slug":"contact","status":"publish","type":"page","link":"https:\/\/ascalidadsv.com\/?page_id=25","title":{"rendered":"Contact"},"content":{"rendered":"<h1>\u00bfC\u00f3mo podemos ayudarte?<\/h1>\n<h3>\u00a1Da el siguiente paso hacia la excelencia organizacional! Cont\u00e1ctanos hoy mismo y descubre c\u00f3mo podemos asesorarte, capacitar a tu equipo y potenciar tus habilidades de gesti\u00f3n con nuestro <strong>coaching especializado<\/strong>. Juntos, llevaremos tu organizaci\u00f3n al siguiente nivel.<\/h3>\n<h3><strong>\ud83d\udce9 Escr\u00edbenos ahora y transforma tu gesti\u00f3n empresarial.<\/strong><\/h3>\n<p>\t\t\t\t\t\t\t\t\t\t\t\t\t\t\t\t<a href=\"https:\/\/www.linkedin.com\/in\/arturo-perdomo-sv\/\"><br \/>\n\t\t\t\t\t\t\t<img loading=\"lazy\" decoding=\"async\" width=\"300\" height=\"251\" src=\"https:\/\/ascalidadsv.com\/wp-content\/uploads\/2024\/12\/Diseno-sin-titulo-1-1-300x251.png\" alt=\"\" srcset=\"https:\/\/ascalidadsv.com\/wp-content\/uploads\/2024\/12\/Diseno-sin-titulo-1-1-300x251.png 300w, https:\/\/ascalidadsv.com\/wp-content\/uploads\/2024\/12\/Diseno-sin-titulo-1-1-768x644.png 768w, https:\/\/ascalidadsv.com\/wp-content\/uploads\/2024\/12\/Diseno-sin-titulo-1-1.png 940w\" sizes=\"auto, (max-width: 300px) 100vw, 300px\" \/>\t\t\t\t\t\t\t\t<\/a><br \/>\n\t\t\t\t\t\t\t\t\t\t\t\t\t\t\t\t<a href=\"https:\/\/www.linkedin.com\/company\/asociaci%C3%B3n-salvadore%C3%B1a-para-la-calidad\/?viewAsMember=true\"><br \/>\n\t\t\t\t\t\t\t<img loading=\"lazy\" decoding=\"async\" width=\"1018\" height=\"502\" src=\"https:\/\/ascalidadsv.com\/wp-content\/uploads\/2022\/12\/Captura-PhotoRoom.png-PhotoRoom-1.png\" alt=\"\" srcset=\"https:\/\/ascalidadsv.com\/wp-content\/uploads\/2022\/12\/Captura-PhotoRoom.png-PhotoRoom-1.png 1018w, https:\/\/ascalidadsv.com\/wp-content\/uploads\/2022\/12\/Captura-PhotoRoom.png-PhotoRoom-1-300x148.png 300w, https:\/\/ascalidadsv.com\/wp-content\/uploads\/2022\/12\/Captura-PhotoRoom.png-PhotoRoom-1-768x379.png 768w\" sizes=\"auto, (max-width: 1018px) 100vw, 1018px\" \/>\t\t\t\t\t\t\t\t<\/a><\/p>\n<h4><strong>Msc. Ing. Arturo Perdomo<\/strong><\/h4>\n<p>Profesional con <strong>Maestr\u00eda en Business Intelligence y Big Data<\/strong>, experto en la implementaci\u00f3n y auditor\u00eda de normas internacionales como <strong>ISO 9001, ISO 14001, ISO 45001, ISO 37001 y ISO 37301<\/strong>. Amplia experiencia en consultor\u00eda, capacitaci\u00f3n y liderazgo de proyectos en Sistemas de Gesti\u00f3n, destacando habilidades en an\u00e1lisis de riesgos, cumplimiento normativo y mejora continua. Reconocido por dise\u00f1ar estrategias innovadoras que fortalecen la competitividad organizacional y promueven la sostenibilidad empresarial. Miembro activo de la <strong>World Compliance Association<\/strong> y formador certificado en sistemas de gesti\u00f3n integrados.<\/p>\n<p>\t\t\t\t\t<a href=\"https:\/\/www.linkedin.com\/in\/arturo-perdomo-sv\/\"><br \/>\n\t\t\t\t\t\t\t\t\tCont\u00e1ctanos Ahora<br \/>\n\t\t\t\t\t<\/a><\/p>\n<h5><b><i>\u00bfListo para llevar tu organizaci\u00f3n al siguiente nivel? En ASC te ayudamos a implementar y certificar sistemas de gesti\u00f3n con est\u00e1ndares internacionales. \u00a1Con\u00e9ctate con nosotros y transforma tus procesos en ventajas competitivas! \ud83d\ude80<\/i><\/b><\/h5>\n<p><strong>En ASC (Asociaci\u00f3n Salvadore\u00f1a para la Calidad)<\/strong>, somos un equipo de profesionales dedicados a impulsar la excelencia en las organizaciones a trav\u00e9s de servicios de consultor\u00eda, capacitaci\u00f3n y certificaci\u00f3n en sistemas de gesti\u00f3n basados en normas internacionales como <strong>ISO 9001, ISO 14001, ISO 45001, ISO 37001<\/strong>, entre otras. Nuestro enfoque combina innovaci\u00f3n, sostenibilidad y compromiso con el desarrollo organizacional para generar un impacto positivo en empresas y la sociedad. \u00a1\u00danete a nuestra red y transforma la calidad en tu organizaci\u00f3n!<\/p>\n<h2>CONT\u00c1CTANOS  <\/h2>\n<h2><a href=\"https:\/\/ascalidadsv.com\/?page_id=25\">Realiza tu consulta aqu\u00ed<\/a><\/h2>\n<h1>Solicita tu cotizaci\u00f3n de servicios.<\/h1>\n<h3><font style=\"vertical-align: inherit\"><font style=\"vertical-align: inherit\"><font style=\"vertical-align: inherit\"><font style=\"vertical-align: inherit\">contacto@ascalidadsv.com<\/font><\/font><\/font><\/font><font style=\"vertical-align: inherit\"><\/font><\/h3>\n<h3><font style=\"vertical-align: inherit\"><font style=\"vertical-align: inherit\"><font style=\"vertical-align: inherit\"><font style=\"vertical-align: inherit\">\u00bfTe gustar\u00eda realizar un proyecto con nosotros?<\/font><\/font><\/font><\/font><font style=\"vertical-align: inherit\"><\/font><\/h3>\n<p>\t\t\t\t\t<a href=\"#\"><br \/>\n\t\t\t\t\t\t\t\t\tcontacto@ascalidadsv.com<br \/>\n\t\t\t\t\t<\/a><\/p>\n","protected":false},"excerpt":{"rendered":"<p>\u00bfC\u00f3mo podemos ayudarte? \u00a1Da el siguiente paso hacia la excelencia organizacional! Cont\u00e1ctanos hoy mismo y descubre c\u00f3mo podemos asesorarte, capacitar a tu equipo y potenciar tus habilidades de gesti\u00f3n con nuestro coaching especializado. Juntos, llevaremos tu organizaci\u00f3n al siguiente nivel. \ud83d\udce9 Escr\u00edbenos ahora y transforma tu gesti\u00f3n empresarial. Msc. Ing. Arturo Perdomo Profesional con Maestr\u00eda [&hellip;]<\/p>\n","protected":false},"author":0,"featured_media":0,"parent":0,"menu_order":0,"comment_status":"closed","ping_status":"closed","template":"","meta":{"_monsterinsights_skip_tracking":false,"_monsterinsights_sitenote_active":false,"_monsterinsights_sitenote_note":"","_monsterinsights_sitenote_category":0,"_uf_show_specific_survey":0,"_uf_disable_surveys":false,"site-sidebar-layout":"no-sidebar","site-content-layout":"page-builder","ast-site-content-layout":"","site-content-style":"default","site-sidebar-style":"default","ast-global-header-display":"","ast-banner-title-visibility":"","ast-main-header-display":"","ast-hfb-above-header-display":"","ast-hfb-below-header-display":"","ast-hfb-mobile-header-display":"","site-post-title":"disabled","ast-breadcrumbs-content":"","ast-featured-img":"disabled","footer-sml-layout":"","theme-transparent-header-meta":"","adv-header-id-meta":"","stick-header-meta":"","header-above-stick-meta":"","header-main-stick-meta":"","header-below-stick-meta":"","astra-migrate-meta-layouts":"default","ast-page-background-enabled":"default","ast-page-background-meta":{"desktop":{"background-color":"","background-image":"","background-repeat":"repeat","background-position":"center center","background-size":"auto","background-attachment":"scroll","background-type":"","background-media":"","overlay-type":"","overlay-color":"","overlay-opacity":"","overlay-gradient":""},"tablet":{"background-color":"","background-image":"","background-repeat":"repeat","background-position":"center center","background-size":"auto","background-attachment":"scroll","background-type":"","background-media":"","overlay-type":"","overlay-color":"","overlay-opacity":"","overlay-gradient":""},"mobile":{"background-color":"","background-image":"","background-repeat":"repeat","background-position":"center center","background-size":"auto","background-attachment":"scroll","background-type":"","background-media":"","overlay-type":"","overlay-color":"","overlay-opacity":"","overlay-gradient":""}},"ast-content-background-meta":{"desktop":{"background-color":"var(--ast-global-color-5)","background-image":"","background-repeat":"repeat","background-position":"center center","background-size":"auto","background-attachment":"scroll","background-type":"","background-media":"","overlay-type":"","overlay-color":"","overlay-opacity":"","overlay-gradient":""},"tablet":{"background-color":"var(--ast-global-color-5)","background-image":"","background-repeat":"repeat","background-position":"center center","background-size":"auto","background-attachment":"scroll","background-type":"","background-media":"","overlay-type":"","overlay-color":"","overlay-opacity":"","overlay-gradient":""},"mobile":{"background-color":"var(--ast-global-color-5)","background-image":"","background-repeat":"repeat","background-position":"center center","background-size":"auto","background-attachment":"scroll","background-type":"","background-media":"","overlay-type":"","overlay-color":"","overlay-opacity":"","overlay-gradient":""}},"footnotes":""},"class_list":["post-25","page","type-page","status-publish","hentry"],"aioseo_notices":[],"_links":{"self":[{"href":"https:\/\/ascalidadsv.com\/index.php?rest_route=\/wp\/v2\/pages\/25","targetHints":{"allow":["GET"]}}],"collection":[{"href":"https:\/\/ascalidadsv.com\/index.php?rest_route=\/wp\/v2\/pages"}],"about":[{"href":"https:\/\/ascalidadsv.com\/index.php?rest_route=\/wp\/v2\/types\/page"}],"replies":[{"embeddable":true,"href":"https:\/\/ascalidadsv.com\/index.php?rest_route=%2Fwp%2Fv2%2Fcomments&post=25"}],"version-history":[{"count":55,"href":"https:\/\/ascalidadsv.com\/index.php?rest_route=\/wp\/v2\/pages\/25\/revisions"}],"predecessor-version":[{"id":1883,"href":"https:\/\/ascalidadsv.com\/index.php?rest_route=\/wp\/v2\/pages\/25\/revisions\/1883"}],"wp:attachment":[{"href":"https:\/\/ascalidadsv.com\/index.php?rest_route=%2Fwp%2Fv2%2Fmedia&parent=25"}],"curies":[{"name":"wp","href":"https:\/\/api.w.org\/{rel}","templated":true}]}}